emainder when 10640258 is divided by 7841.
21
Calculate the remainder when 728558 is divided by 143.
116
Calculate the remainder when 2275753 is divided by 192.
169
What is the remainder when 425458 is divided by 1270?
8
What is the remainder when 66881570 is divided by 531?
527
Calculate the remainder when 5318437 is divided by 25.
12
Calculate the remainder when 5237696 is divided by 1832.
8
What is the remainder when 253877 is divided by 6694?
6199
Calculate the remainder when 17462320 is divided by 8731139.
42
What is the remainder when 134247181 is divided by 44749059?
4
What is the remainder when 249358 is divided by 243?
40
What is the remainder when 302033 is divided by 1038?
1013
What is the remainder when 9881655 is divided by 1411664?
7
Calculate the remainder when 19016209 is divided by 329.
9
What is the remainder when 709712 is divided by 709642?
70
What is the remainder when 3681891 is divided by 1535?
961
What is the remainder when 30957506 is divided by 510?
506
What is the remainder when 1031741 is divided by 159?
149
What is the remainder when 191268 is divided by 31?
29
Calculate the remainder when 435138 is divided by 105.
18
Calculate the remainder when 1546382 is divided by 931.
922
What is the remainder when 1112078 is divided by 92?
74
Calculate the remainder when 1042379 is divided by 347354.
317
What is the remainder when 76288243 is divided by 362?
1
What is the remainder when 6896191 is divided by 1091?
1071
What is the remainder when 2302788 is divided by 127930?
48
What is the remainder when 470858 is divided by 1895?
898
What is the remainder when 566528 is divided by 249?
53
What is the remainder when 115656 is divided by 596?
32
Calculate the remainder when 1882307 is divided by 1881607.
700
Calculate the remainder when 585554 is divided by 292771.
12
Calculate the remainder when 230543 is divided by 1268.
1035
Calculate the remainder when 25645 is divided by 5071.
290
Calculate the remainder when 81021 is divided by 15138.
5331
Calculate the remainder when 8854007 is divided by 1979.
1940
Calculate the remainder when 193864 is divided by 2657.
2560
What is the remainder when 208858589 is divided by 757?
18
Calculate the remainder when 133294 is divided by 213.
169
Calculate the remainder when 41069 is divided by 40805.
264
What is the remainder when 2277145 is divided by 736?
697
Calculate the remainder when 50756484 is divided by 65.
64
Calculate the remainder when 183327 is divided by 42.
39
Calculate the remainder when 206072 is divided by 330.
152
Calculate the remainder when 25180291 is divided by 262.
257
What is the remainder when 13012 is divided by 11747?
1265
Calculate the remainder when 1019380 is divided by 39205.
50
Calculate the remainder when 18962091 is divided by 141.
129
What is the remainder when 50595 is divided by 16771?
282
Calculate the remainder when 1596844 is divided by 7.
4
Calculate the remainder when 5339100 is divided by 266955.
0
What is the remainder when 16954804 is divided by 390?
334
Calculate the remainder when 465403 is divided by 16621.
15
Calculate the remainder when 14664485 is divided by 77.
66
Calculate the remainder when 314375 is divided by 76.
39
What is the remainder when 11226746 is divided by 21?
20
Calculate the remainder when 10823935 is divided by 879.
808
Calculate the remainder when 233430 is divided by 190.
110
What is the remainder when 19707962 is divided by 11236?
18
What is the remainder when 4703491 is divided by 1567592?
715
What is the remainder when 320304450 is divided by 11061?
12
What is the remainder when 3050848 is divided by 3772?
3072
Calculate the remainder when 5693682 is divided by 7099.
284
Calculate the remainder when 6397 is divided by 219.
46
What is the remainder when 15875780 is divided by 278522?
26
What is the remainder when 15957897 is divided by 850?
847
Calculate the remainder when 982362 is divided by 22325.
62
What is the remainder when 29663414 is divided by 9887803?
5
Calculate the remainder when 29038302 is divided by 14519104.
94
Calculate the remainder when 713148 is divided by 173.
42
What is the remainder when 10941138 is divided by 177?
60
What is the remainder when 19630043 is divided by 192?
155
What is the remainder when 3196525 is divided by 319627?
255
What is the remainder when 1937241 is divided by 106?
91
What is the remainder when 24063522 is divided by 244?
242
Calculate the remainder when 38801 is divided by 1396.
1109
What is the remainder when 5705166 is divided by 2852520?
126
Calculate the remainder when 12861771 is divided by 444.
423
What is the remainder when 3095008 is divided by 773738?
56
Calculate the remainder when 34044493 is divided by 257.
217
Calculate the remainder when 114591 is divided by 153.
147
Calculate the remainder when 83809 is divided by 11839.
936
What is the remainder when 1843409 is divided by 3420?
29
Calculate the remainder when 10218003 is divided by 1045.
1038
Calculate the remainder when 288803 is divided by 16899.
1520
Calculate the remainder when 542463 is divided by 3123.
2184
Calculate the remainder when 14795937 is divided by 98.
93
Calculate the remainder when 105271 is divided by 15026.
89
What is the remainder when 17852281 is divided by 84?
13
Calculate the remainder when 2536017 is divided by 63.
15
Calculate the remainder when 38756 is divided by 822.
122
What is the remainder when 98915 is divided by 1251?
86
Calculate the remainder when 10503397 is divided by 11103.
11062
What is the remainder when 3802 is divided by 3711?
91
What is the remainder when 1436636 is divided by 5379?
443
Calculate the remainder when 2508301 is divided by 4544.
13
What is the remainder when 906365 is divided by 1119?
1094
What is the remainder when 90803372 is divided by 425?
422
What is the remainder when 132390 is divided by 43161?
2907
Calculate the remainder when 1478558 is divided by 233.
173
Calculate the remainder when 881969 is divided by 1699.
188
What is the remainder when 783164 is divided by 10?
4
What is the remainder when 18792 is divided by 1017?
486
Calculate the remainder when 6199 is divided by 1376.
695
Calculate the remainder when 143357 is divided by 143161.
196
What is the remainder when 1436241 is divided by 96?
81
What is the remainder when 8682 is divided by 4033?
616
Calculate the remainder when 310060144 is divided by 12.
4
Calculate the remainder when 223840 is divided by 3199.
3109
Calculate the remainder when 3184432 is divided by 255.
247
What is the remainder when 4416408 is divided by 33713?
5
What is the remainder when 2015306 is divided by 503825?
6
What is the remainder when 90634268 is divided by 1111?
1110
What is the remainder when 1595018 is divided by 413?
12
What is the remainder when 11788682 is divided by 3929524?
110
What is the remainder when 8524827 is divided by 14800?
27
Calculate the remainder when 622056 is divided by 2.
0
What is the remainder when 4265025 is divided by 27?
24
What is the remainder when 5047 is divided by 106?
65
Calculate the remainder when 19873816 is divided by 1021.
51
What is the remainder when 22144807 is divided by 3465?
3457
What is the remainder when 214980 is divided by 749?
17
Calculate the remainder when 40546887 is divided by 5068352.
71
Calculate the remainder when 44768117 is divided by 20303.
2
What is the remainder when 424662050 is divided by 60?
50
Calculate the remainder when 208940 is divided by 4748.
28
What is the remainder when 18448764 is divided by 4157?
4155
What is the remainder when 173665 is divided by 33915?
4090
Calculate the remainder when 4422942 is divided by 362.
26
Calculate the remainder when 484185 is divided by 22.
9
What is the remainder when 298175 is divided by 148440?
1295
What is the remainder when 15819875 is divided by 707?
43
Calculate the remainder when 118546 is divided by 116800.
1746
Calculate the remainder when 2109717 is divided by 301.
8
What is the remainder when 127429042 is divided by 3903?
3898
What is the remainder when 185054990 is divided by 35794?
10
Calculate the remainder when 1518604 is divided by 10473.
19
Calculate the remainder when 1323238 is divided by 422.
268
Calculate the remainder when 1430701 is divided by 1430571.
130
What is the rem